 5*t(m). What is the remainder when q(-35) is divided by 3?
2
What is the remainder when (-5)/(-1) + ((-1)/19 - 3521280/(-912)) is divided by 4?
2
Suppose -2*u = 13*t - 20604, -43*t + 38*t = 3*u - 7909. What is the remainder when 4761 is divided by t?
3
Suppose 3*m - 5*j - 491 = 0, -16*m + 769 = -11*m + 4*j. Calculate the remainder when m is divided by 99.
58
What is the remainder when 367 is divided by -21*12/108 - 1623/(-9)?
11
What is the remainder when -15*(-64)/(-560)*(-868)/8 is divided by 78?
30
Suppose -491*w = 482*w - 965*w - 8744. Calculate the remainder when w is divided by 124.
101
Let q = 34 - 93. Let x = -49 - q. What is the remainder when 93 is divided by x?
3
Calculate the remainder when 130 is divided by -21 + (159 - 13) - 3/(-2)*-4.
11
Let x(b) = -b**3 + 7*b**2 + b - 5. Let v = 91 + 27. Calculate the remainder when x(4) is divided by (-6)/(-30) - v/(-10).
11
Suppose 51*s - 2 = 50*s. Calculate the remainder when 91/28 + (-1)/4 is divided by s.
1
Suppose -3*n = -2*n - r - 21, -4*n + 2*r + 86 = 0. Suppose -318 = -5*s + 2*u, 9*u - 131 = -2*s + 6*u. Calculate the remainder when s is divided by n.
20
What is the remainder when 2975/140*24/5 is divided by 61?
41
Let w = -22 + 91. Let m be w/(-1 + 25/10). Let g = m + -14. Calculate the remainder when g is divided by 17.
15
Let g(d) = -6*d**2 - 31*d. Let k be g(-5). Suppose 0 = 5*h + 3*l - 16, -k*h = 5*l - 15 - 5. Calculate the remainder when 62 is divided by h.
0
Suppose -32 = -i + 4. What is the remainder when (3*(-544)/60)/(8/(-30)) is divided by i?
30
Suppose -5*w - 5*x = -785, -2*w - 317 = -4*w - 5*x. Let c = 191 - w. What is the remainder when 64 is divided by c?
29
Suppose -4*w = p + 419, -2*w - 297 = w - 5*p. Suppose 503 = 17*y - 1401. Let v = w + y. What is the remainder when 15 is divided by v?
7
Suppose 0 = 4*j + 2*n - 6680, 2171 = 4*j - 5*n - 4509. Calculate the remainder when j is divided by 88.
86
What is the remainder when 2951 is divided by (2868/1673)/(2/28)?
23
Let w(k) = -12*k**2 + 669*k + 266. What is the remainder when 8130 is divided by w(56)?
94
Let m = 3360 - 3144. Calculate the remainder when m is divided by 13.
8
Let j(l) = 2*l**3 + 20*l**2 + 13*l - 2. What is the remainder when 585 is divided by j(-9)?
26
Suppose -1787 = -80*w + 2436 + 1057. What is the remainder when 485 is divided by w?
23
Let b = 747 - -40. What is the remainder when b is divided by 69?
28
Suppose 297 = 3*g + 2*x, 180 = 4*g + 3*x - 216. Suppose g + 101 = 10*c. What is the remainder when 69 is divided by c?
9
Suppose 5*z - 282 = 3*j - 2*j, 0 = -3*z + j + 170. Suppose z*y = 52*y + 132. Let g = -18 + 36. Calculate the remainder when y is divided by g.
15
Let s = -13 + 25. Let a(d) = 9*d**2 - d + 6*d + 20*d**2 - 7 + 8. Calculate the remainder when a(1) is divided by s.
11
Suppose 0 = 3*j - 6*j + 9. Suppose -j*n - 174 = -3*m, -5*n = -2*m - 207 + 509. Let p = n - -66. Calculate the remainder when 10 is divided by p.
2
Suppose -3*q + 380 + 178 = 0. Calculate the remainder when -6 + (q/3)/1 is divided by 18.
2
Let d be (-12)/(-2)*3244/12. Let j be d/9 - (-4)/(-18). Let i = -61 + j. What is the remainder when i is divided by 30?
29
Let b(y) = -242*y**3 + 1454*y**2 - 8*y - 17. Let p = -2 + 33. What is the remainder when p is divided by b(6)?
3
What is the remainder when (6 + 217/21)*(-117)/(-3) is divided by 22?
21
Let s(u) be the first derivative of -u**4/4 + 17*u**3/3 + 41*u**2/2 + 2*u + 64. Suppose -558 + 94 = -4*y. What is the remainder when y is divided by s(19)?
57
Suppose t - 28 = -4*p, -3*t + t = -5*p + 48. Let y be (102/p)/((-2)/(-8)). What is the remainder when 99 is divided by ((-45)/54 + (-3)/(-2))*y?
31
Suppose 17 = -6*v + 7*v. Suppose 4*m = -5*w - 0*w + 108, -60 = -2*m - w. What is the remainder when m is divided by v/((-4)/22 + 52/44)?
15
Let z(h) = 2*h**2 - 4*h - 4. Suppose 2*m + 3*o - 30 = -3*m, 0 = 3*m - 4*o + 11. Suppose -15 = -5*l + 2*l. What is the remainder when l is divided by z(m)?
1
Let h = -65 - -182. Suppose -5*t = -10, -2*t - h = -3*w - 5*t. Let z(o) = -o**2 + o + 10. Calculate the remainder when w is divided by z(0).
7
Suppose -3*j + 792 = 3*d, -2*j = -3*d + 167 - 685. Calculate the remainder when j/5 + (-40)/100 is divided by 9.
7
Let h(w) = 58*w**2 - w + 25. Let g be h(-6). Suppose -14*p = -p - g. Calculate the remainder when p is divided by 33.
31
Suppose 0 = d - 5, 158 + 17 = -2*a - d. Let w = a + 61. Let m = 77 + w. Calculate the remainder when m is divided by 7.
6
Suppose -j + 3*v + 25 = -0, 4*j = 5*v + 65. Let t be -1*(-96)/20 + 2/j. Suppose -t*c - 26 = -6*c. Calculate the remainder when 152 is divided by c.
22
Let k(r) = -r**3 + 20*r**2 - 7*r - 41. Let h be k(20). Let w = h + 326. What is the remainder when w is divided by 21?
19
Let q = -87 + 103. Suppose 96 = 2*l + 5*j - 2*j, -l = -2*j - 62. Suppose x = -3*x - 4*w + 232, x + 2*w - l = 0. What is the remainder when x is divided by q?
14
Let m(k) = -k**2 + 8*k - 14. Let a be m(4). What is the remainder when a - (-4)/12*(326 - 5) is divided by 37?
35
Let b = -25172 + 25179. What is the remainder when 11988 is divided by b?
4
Suppose -3*s + 622*w = 626*w - 202, 0 = -4*s + w + 244. Calculate the remainder when 345 is divided by s.
35
Let v(p) = p**3 + 9*p**2 + 4*p - 17. What is the remainder when v(-5) is divided by 29?
5
What is the remainder when 10 - ((-8049)/15 + (-128)/(-80)) is divided by 131?
21
Let a = 110 - 53. Let r be (-632)/(-20) - 3/5 - -2. Suppose b - 12 = -3*y, -9 + r = 2*b + y. Calculate the remainder when a is divided by b.
9
Suppose -16 = 3*r - 25, -4*t = 2*r - 914. What is the remainder when t is divided by 64?
35
Calculate the remainder when 477 is divided by 96/256 + 0 + 1/(-8)*-1765.
35
Let p(a) = -4*a**2 - 127*a - 938. What is the remainder when 6101 is divided by p(-14)?
53
Let g = 160 - 112. Suppose 3*v + 5*n - 20 = 2*v, -3*v = 3*n - g. Let r(f) = f**3 + 9*f**2 + 5*f - 10. Calculate the remainder when r(-7) is divided by v.
8
Let p(s) = 8*s. Let k be p(0). Suppose 187*v - 189*v + 296 = k. Calculate the remainder when v is divided by 38.
34
Let b(l) = 17*l**3 - 31*l**2 - 44*l + 105. Let u = 9 + 0. Let a = u - 4. Calculate the remainder when b(2) is divided by a.
4
Suppose 0 = -c - 2*z + 25, -18*c + 16*c = -2*z - 56. Calculate the remainder when c is divided by 10.
7
Let m(v) = v**3 + v**2 + 15. Let r be m(-5). Let h = 87 + r. Suppose 2*z - 40 = -2*w, -3*z + h*w = -0*z - 85. What is the remainder when 222 is divided by z?
22
Let c(m) = -m**3 + 9*m**2 + m - 3. Let f be c(9). Let j be 4/10 - (-3)/(-45)*f. Calculate the remainder when 78 is divided by j - ((-10)/35 + (-374)/14).
24
Let w = -586 + 623. Suppose 5*m - 239 = 291. What is the remainder when m is divided by w?
32
Let j(l) = l**2 - 9*l + 5. Let r(i) = i**3 + 36*i**2 - 119*i - 31. What is the remainder when r(-39) is divided by j(9)?
2
Let y(a) = a**3 + 21*a**2 - 4*a - 240. Calculate the remainder when y(-7) is divided by 40.
34
Suppose 0 = -5*l - 20 + 40. Suppose -14 = 3*i + l*i. Calculate the remainder when i/(-4)*(-10 + 3 + 113) is divided by 18.
17
Suppose 0 = 2*b + 4, 2*g = 4*g - 3*b - 188. Calculate the remainder when (g - -1) + -6 + 7 is divided by (18/(-21) + 2)*21.
21
Let i = -5248 + 5477. Calculate the remainder when 2516 is divided by i.
226
Let s be 3/4 - 40/(-32). Let w be 2*(-6 + 28) - (1 + s). Suppose 2*l = -6, 4*m - 2*l + 3*l - w = 0. What is the remainder when 18 is divided by m?
7
Let v = 30 - 24. Suppose 4*p + k = v*k + 97, 5*p = -k + 85. Let q(g) = 65*g + 5. Calculate the remainder when q(1) is divided by p.
16
Let g(i) = -186*i**2 - 1195*i - 8. Calculate the remainder when 1482 is divided by g(-6).
84
Let o be (-12)/18*-2 + (-11)/(-3). Suppose 0 = -o*q + 5*p + 80, -25*q + 22*q + p = -46. Calculate the remainder when 266 is divided by q.
11
Let d = 110 + -108. Suppose 9 = d*t - 13. Suppose 0 = n - 33 - t. Calculate the remainder when n is divided by 10.
4
Let b(c) = 116*c**2. Let g be b(1). Suppose -y = 3*o - g, 6*y + 200 = 5*o + y. Suppose 16898*k = 16911*k - 1001. Calculate the remainder when k is divided by o.
38
Suppose -306 - 4149 = -11*p. Suppose 7*m - p = -307. Let w(a) = -a**3 + 7*a**2 + 4*a - 8. Calculate the remainder when w(6) is divided by m.
10
Let n = 63 + -38. Calculate the remainder when ((-66)/(